{"id":1013,"date":"2021-06-25T19:36:15","date_gmt":"2021-06-25T22:36:15","guid":{"rendered":"https:\/\/isp1-sfe.infd.edu.ar\/sitio\/?page_id=1013"},"modified":"2026-02-12T19:13:07","modified_gmt":"2026-02-12T22:13:07","slug":"mesas-de-examenes","status":"publish","type":"page","link":"https:\/\/isp1-sfe.infd.edu.ar\/sitio\/mesas-de-examenes\/","title":{"rendered":"Mesas de Ex\u00e1menes"},"content":{"rendered":"<p><img decoding=\"async\" loading=\"lazy\" class=\"alignnone size-full wp-image-1238 aligncenter\" src=\"https:\/\/isp1-sfe.infd.edu.ar\/sitio\/wp-content\/uploads\/2021\/07\/Mesas-de-ex\u00e1menes-finales-e1625915950384.png\" alt=\"\" width=\"469\" height=\"145\" \/><\/p>\n<table>\n<tbody>\n<tr>\n<td width=\"697\">\n<h2 style=\"text-align: center;\"><span style=\"color: #f66322;\">2026<\/span><\/h2>\n<\/td>\n<\/tr>\n<tr>\n<td width=\"697\">\n<h5 style=\"text-align: center;\"><strong><em>Turno febrero \u2013 marzo (2 llamados)<\/em><\/strong><\/h5>\n<p>\u21d2 Per\u00edodo de inscripci\u00f3n: <strong><span style=\"color: #ff6600;\">del 9 al 13 de febrero de 2026<\/span><\/strong><\/p>\n<p>\u21d2 Per\u00edodo de ex\u00e1menes finales: <strong><span style=\"color: #ff6600;\">del 23 de febrero al 20 de marzo de 2026<\/span><\/strong><\/p>\n<p>\u21d2Mesas de ex\u00e1menes para descargar:<\/p>\n<ul>\n<li style=\"list-style-type: none;\">\n<ul>\n<li style=\"list-style-type: none;\">\n<ul>\n<li><a href=\"https:\/\/isp1-sfe.infd.edu.ar\/sitio\/wp-content\/uploads\/2026\/02\/MESAS-FEBRERO-MZO-2026.pdf\" target=\"_blank\" rel=\"noopener\">MESAS FEBRERO &#8211; MARZO 2026<\/a><\/li>\n<li><a href=\"https:\/\/isp1-sfe.infd.edu.ar\/sitio\/wp-content\/uploads\/2026\/02\/TALLERES-FEB-MZO-2026.pdf\" target=\"_blank\" rel=\"noopener\">TALLERES FEBRERO &#8211; MARZO 2026<\/a><\/li>\n<li><a href=\"https:\/\/isp1-sfe.infd.edu.ar\/sitio\/wp-content\/uploads\/2026\/02\/mesas-Software-nov-dic-2026.docx\" target=\"_blank\" rel=\"noopener\">MESAS FEBRERO &#8211; MARZO 2026 SOFTWARE<\/a><\/li>\n<\/ul>\n<\/li>\n<li><strong><em>Atenci\u00f3n: <\/em><\/strong>existe un error involuntario en el archivo de las mesas de examen: \u201cMESAS FEBRERO \u2013 MARZO 2026\u201d; tomen nota de las siguientes correcciones en las fechas: &#8211;&gt;donde dice <strong>Jueves 26 de marzo<\/strong>, debe decir:\u00a0<strong>Jueves 26 de febrero; <\/strong>donde dice <strong>Jueves 12 de marzo<\/strong>, se ratifica que la fecha correcta es\u00a0<strong>Jueves 12 de marzo<\/strong><\/li>\n<\/ul>\n<\/li>\n<\/ul>\n<p><strong><em>\u00a0<\/em><\/strong>Inscripci\u00f3n a trav\u00e9s de los siguientes formularios:<\/p>\n<ul>\n<li><a href=\"https:\/\/forms.gle\/ziYskxDsn9oeopWG7\" target=\"_blank\" rel=\"noopener\">Analista en Medio Ambiente<\/a><\/li>\n<li><a href=\"https:\/\/forms.gle\/ZUWhx2xTcDDPZMCx9\" target=\"_blank\" rel=\"noopener\">Profesorado de Educ. Sec en Cs de la Administraci\u00f3n<\/a><\/li>\n<li><a href=\"https:\/\/forms.gle\/7UiHbDq41yHgPmyb7\" target=\"_blank\" rel=\"noopener\">Profesorado de Educ. Sec en Econom\u00eda<\/a><\/li>\n<li><a href=\"https:\/\/forms.gle\/FEG5emowCiToDYt2A\" target=\"_blank\" rel=\"noopener\">Profesorado de Educ. Sec en Matem\u00e1tica<\/a><\/li>\n<li><a href=\"https:\/\/forms.gle\/S5JwKjeKsx6pXyg67\" target=\"_blank\" rel=\"noopener\">Profesorado de Educ. Sec en Lengua y Literatura<\/a><\/li>\n<li><a href=\"https:\/\/forms.gle\/vUhos9PKqkqrDRyT8\" target=\"_blank\" rel=\"noopener\">Profesorado de Educaci\u00f3n Inicial<\/a><\/li>\n<li><a href=\"https:\/\/forms.gle\/tNB8n9T6FUatgmVx8\" target=\"_blank\" rel=\"noopener\">Profesorado de Educaci\u00f3n Primaria<\/a><\/li>\n<li><a href=\"https:\/\/forms.gle\/hBa8q1GrqB6injYk7\" target=\"_blank\" rel=\"noopener\">Profesorado de Educ. Sec en Biolog\u00eda<\/a><\/li>\n<li><a href=\"https:\/\/forms.gle\/B17S38NLwZprSXeZ8\" target=\"_blank\" rel=\"noopener\">Tecnicatura Superior en Gesti\u00f3n de las Organizaciones<\/a><\/li>\n<li><a href=\"https:\/\/forms.gle\/YAg5jAbq1EsD7UKn6\" target=\"_blank\" rel=\"noopener\">Tecnicatura Superior en Desarrollo de Software<\/a><\/li>\n<\/ul>\n<p>IMPORTANTE: Recibir\u00e1s un correo de confirmaci\u00f3n con un archivo PDF adjunto que ser\u00e1 tu constancia de inscripci\u00f3n, gu\u00e1rdala por si la necesitas y <strong>entrega una copia impresa en Secretaria del ISP.<\/strong><\/p>\n<\/td>\n<\/tr>\n<tr>\n<td width=\"697\">\n<h5 style=\"text-align: center;\"><strong><em>Turno julio (1 llamado)<\/em><\/strong><\/h5>\n<p>\u21d2 Per\u00edodo de inscripci\u00f3n: <strong><span style=\"color: #ff6600;\">del 16 al 26 de junio de 2026<\/span><\/strong><\/p>\n<p>\u21d2 Per\u00edodo de ex\u00e1menes finales: <strong><span style=\"color: #ff6600;\">del 20 al 31 de julio 2026<\/span><\/strong><\/p>\n<p>\u21d2Mesas de ex\u00e1menes para descargar:<\/p>\n<ul>\n<li style=\"list-style-type: none;\">\n<ul>\n<li style=\"list-style-type: none;\">\n<ul>\n<li>MESAS JULIO 2026<\/li>\n<li>SEMINARIOS JULIO 2026<\/li>\n<li>MESAS JULIO 2026 SOFTWARE<\/li>\n<\/ul>\n<\/li>\n<\/ul>\n<\/li>\n<\/ul>\n<p><strong><em>\u00a0<\/em><\/strong>Inscripci\u00f3n a trav\u00e9s de los siguientes formularios:<\/p>\n<ul>\n<li><a href=\"https:\/\/forms.gle\/bFZ3WrUhbRjHir8g8\" target=\"_blank\" rel=\"noopener\">Analista en Medio Ambiente<\/a><\/li>\n<li><a href=\"https:\/\/forms.gle\/5qcsRUk6GKuaNwRMA\" target=\"_blank\" rel=\"noopener\">Profesorado de Educ. Sec en Cs de la Administraci\u00f3n<\/a><\/li>\n<li><a href=\"https:\/\/forms.gle\/3M3gKBpkqhkrobGT8\" target=\"_blank\" rel=\"noopener\">Profesorado de Educ. Sec en Econom\u00eda<\/a><\/li>\n<li><a href=\"https:\/\/forms.gle\/R7n8LBU6jfKForEb8\" target=\"_blank\" rel=\"noopener\">Profesorado de Educ. Sec en Matem\u00e1tica<\/a><\/li>\n<li><a href=\"https:\/\/forms.gle\/tJYhkQE7Yvxhe9cP6\" target=\"_blank\" rel=\"noopener\">Profesorado de Educ. Sec en Lengua y Literatura<\/a><\/li>\n<li><a href=\"https:\/\/forms.gle\/jraj4oUULcYQ6iee8\" target=\"_blank\" rel=\"noopener\">Profesorado de Educaci\u00f3n Inicial<\/a><\/li>\n<li><a href=\"https:\/\/forms.gle\/PqPYfRRrkBUedN4F9\" target=\"_blank\" rel=\"noopener\">Profesorado de Educaci\u00f3n Primaria<\/a><\/li>\n<li><a href=\"https:\/\/forms.gle\/xZydqaDX1KQQEV2L6\" target=\"_blank\" rel=\"noopener\">Profesorado de Educ. Sec en Biolog\u00eda<\/a><\/li>\n<li><a href=\"https:\/\/forms.gle\/gHvikwn8p2pJ1HJq6\" target=\"_blank\" rel=\"noopener\">Tecnicatura Superior en Gesti\u00f3n de las Organizaciones<\/a><\/li>\n<li><a href=\"https:\/\/forms.gle\/n3D3qrgV8454iggz6\" target=\"_blank\" rel=\"noopener\">Tecnicatura Superior en Desarrollo de Software<\/a><\/li>\n<\/ul>\n<\/td>\n<\/tr>\n<tr>\n<td width=\"697\">\n<h5 style=\"text-align: center;\"><strong><em>Turno noviembre \u2013 diciembre (2 llamados)<\/em><\/strong><\/h5>\n<p>\u21d2 Per\u00edodo de inscripci\u00f3n: <span style=\"color: #ff6600;\"><b><i> <strong>del 2 al 13 de noviembre de 2026<\/strong><\/i><\/b><\/span><\/p>\n<p>\u21d2 Per\u00edodo de ex\u00e1menes finales: <strong><span style=\"color: #ff6600;\">del 23 de noviembre al 23 de diciembre de 2026<\/span><\/strong><\/p>\n<p>\u21d2Mesas de ex\u00e1menes para descargar:<\/p>\n<ul>\n<li style=\"list-style-type: none;\">\n<ul>\n<li style=\"list-style-type: none;\">\n<ul>\n<li>MESAS NOVIEMBRE &#8211; DICIEMBRE 2026<\/li>\n<li>TALLERES NOVIEMBRE &#8211; DICIEMBRE 2026<\/li>\n<li>MESAS NOVIEMBRE &#8211; DICIEMBRE 2026 SOFTWARE<\/li>\n<\/ul>\n<\/li>\n<\/ul>\n<\/li>\n<\/ul>\n<p><strong><em>\u00a0<\/em><\/strong>Inscripci\u00f3n a trav\u00e9s de los siguientes formularios:<\/p>\n<ul>\n<li><a href=\"https:\/\/forms.gle\/GqodZDZBP8UAjnuR7\" target=\"_blank\" rel=\"noopener\">Analista en Medio Ambiente<\/a><\/li>\n<li><a href=\"https:\/\/forms.gle\/aLwWALZdAnt1YxLy5\" target=\"_blank\" rel=\"noopener\">Profesorado de Educ. Sec en Cs de la Administraci\u00f3n<\/a><\/li>\n<li><a href=\"https:\/\/forms.gle\/1jUsNzX2M6Ehe1Vb9\" target=\"_blank\" rel=\"noopener\">Profesorado de Educ. Sec en Econom\u00eda<\/a><\/li>\n<li><a href=\"https:\/\/forms.gle\/cLqX2fgnWu8QmMv9A\" target=\"_blank\" rel=\"noopener\">Profesorado de Educ. Sec en Matem\u00e1tica<\/a><\/li>\n<li><a href=\"https:\/\/forms.gle\/9AoneD9wZ2ckR39Z7\" target=\"_blank\" rel=\"noopener\">Profesorado de Educ. Sec en Lengua y Literatura<\/a><\/li>\n<li><a href=\"https:\/\/forms.gle\/BYKsfinhymgNwK4p6\" target=\"_blank\" rel=\"noopener\">Profesorado de Educaci\u00f3n Inicial<\/a><\/li>\n<li><a href=\"https:\/\/forms.gle\/ARJAPgeLEAcfKZ3S6\" target=\"_blank\" rel=\"noopener\">Profesorado de Educaci\u00f3n Primaria<\/a><\/li>\n<li><a href=\"https:\/\/forms.gle\/FgH5LiGz8rSymEgX9\" target=\"_blank\" rel=\"noopener\">Profesorado de Educ. Sec en Biolog\u00eda<\/a><\/li>\n<li><a href=\"https:\/\/forms.gle\/A28LCe1RtGoFGbh16\" target=\"_blank\" rel=\"noopener\">Tecnicatura Superior en Gesti\u00f3n de las Organizaciones<\/a><\/li>\n<li><a href=\"https:\/\/forms.gle\/Sk6cZo6pLc769JZx7\" target=\"_blank\" rel=\"noopener\">Tecnicatura Superior en Desarrollo de Software<\/a><\/li>\n<\/ul>\n<\/td>\n<\/tr>\n<\/tbody>\n<\/table>\n<p><!--more--><\/p>\n<h5 style=\"text-align: center;\"><strong><em>Mesas examinadoras especiales\u00a0<span style=\"color: #ff6600;\"><br \/>&#x2663;\u00a0 Consultar Art. 40 del RAM (Reglamento Acad\u00e9mico Marco) para obtener informaci\u00f3n de requisitos para solicitar Mesa de examen especial<\/span><\/em><\/strong><\/h5>\n<p style=\"text-align: left;\">\u21d2 Per\u00edodo de inscripci\u00f3n: <span style=\"color: #ff6600;\"><b><i> <strong>del 13 al 15 de abril de 2026<\/strong><\/i><\/b><\/span><br data-rich-text-line-break=\"true\" \/><br data-rich-text-line-break=\"true\" \/>\u21d2 <span style=\"font-size: inherit;\">Per\u00edodo destinado a la toma de mesas especiales: <strong><span style=\"color: #ff6600;\">del 20 al 24 de abril de 2026<\/span><\/strong><\/span><\/p>\n<p>Inscripci\u00f3n a trav\u00e9s del siguiente formulario:<\/p>\n<ul>\n<li><a href=\"https:\/\/forms.gle\/C3V5QVesMhQC5v968\" target=\"_blank\" rel=\"noopener\">MESAS ESPECIALES<\/a><\/li>\n<\/ul>\n\n\n<pre class=\"wp-block-code\"><code><\/code><\/pre>\n","protected":false},"excerpt":{"rendered":"<p>2026 Turno febrero \u2013 marzo (2 llamados) \u21d2 Per\u00edodo de inscripci\u00f3n: del 9 al 13 de febrero de 2026 \u21d2 Per\u00edodo de ex\u00e1menes finales: del 23 de febrero al 20 de marzo de 2026 \u21d2Mesas de ex\u00e1menes para descargar: MESAS FEBRERO &#8211; MARZO 2026 TALLERES FEBRERO &#8211; MARZO 2026 MESAS FEBRERO &#8211; MARZO 2026 SOFTWARE &#8230; <a title=\"Mesas de Ex\u00e1menes\" class=\"read-more\" href=\"https:\/\/isp1-sfe.infd.edu.ar\/sitio\/mesas-de-examenes\/\" aria-label=\"More on Mesas de Ex\u00e1menes\">[+]<\/a><\/p>\n","protected":false},"author":959,"featured_media":0,"parent":0,"menu_order":0,"comment_status":"closed","ping_status":"closed","template":"","meta":[],"acf":[],"_links":{"self":[{"href":"https:\/\/isp1-sfe.infd.edu.ar\/sitio\/wp-json\/wp\/v2\/pages\/1013"}],"collection":[{"href":"https:\/\/isp1-sfe.infd.edu.ar\/sitio\/wp-json\/wp\/v2\/pages"}],"about":[{"href":"https:\/\/isp1-sfe.infd.edu.ar\/sitio\/wp-json\/wp\/v2\/types\/page"}],"author":[{"embeddable":true,"href":"https:\/\/isp1-sfe.infd.edu.ar\/sitio\/wp-json\/wp\/v2\/users\/959"}],"replies":[{"embeddable":true,"href":"https:\/\/isp1-sfe.infd.edu.ar\/sitio\/wp-json\/wp\/v2\/comments?post=1013"}],"version-history":[{"count":76,"href":"https:\/\/isp1-sfe.infd.edu.ar\/sitio\/wp-json\/wp\/v2\/pages\/1013\/revisions"}],"predecessor-version":[{"id":3001,"href":"https:\/\/isp1-sfe.infd.edu.ar\/sitio\/wp-json\/wp\/v2\/pages\/1013\/revisions\/3001"}],"wp:attachment":[{"href":"https:\/\/isp1-sfe.infd.edu.ar\/sitio\/wp-json\/wp\/v2\/media?parent=1013"}],"curies":[{"name":"wp","href":"https:\/\/api.w.org\/{rel}","templated":true}]}}