{"id":937,"date":"2021-06-25T18:06:10","date_gmt":"2021-06-25T21:06:10","guid":{"rendered":"https:\/\/isp1-sfe.infd.edu.ar\/sitio\/?page_id=937"},"modified":"2025-11-05T20:21:16","modified_gmt":"2025-11-05T23:21:16","slug":"autoridades","status":"publish","type":"page","link":"https:\/\/isp1-sfe.infd.edu.ar\/sitio\/autoridades\/","title":{"rendered":"Autoridades"},"content":{"rendered":"<p><img decoding=\"async\" loading=\"lazy\" class=\"size-full wp-image-1135 aligncenter\" src=\"https:\/\/isp1-sfe.infd.edu.ar\/sitio\/wp-content\/uploads\/2021\/07\/Autoridades-1.png\" alt=\"\" width=\"494\" height=\"159\" \/><\/p>\n<p>Director \u2192 Prof. Sandra Michel\u00f3n<\/p>\n<p>Regente \u2192 Prof. Jorgelina Kolodzinski<\/p>\n<p>Secretaria\u00a0\u2192 Prof. Daniela Rebottaro<\/p>\n<p>Bibliotecario\u00a0\u2192 Emanuel Santancini<\/p>\n<p><span style=\"color: #333333;\">Ayudante T\u00e9cnico Docente\u00a0\u2192 Franco\u00a0L\u00f3pez <\/span><\/p>\n<p><span style=\"color: #000000;\">Jefas de secci\u00f3n<\/span><\/p>\n<ul>\n<li>Prof. de Educ. Sec. en Administraci\u00f3n, Prof. de Educ. Sec. en Econom\u00eda y Tecn. en Gesti\u00f3n de las Organizaciones\u00a0\u2192<em> Prof. Lorena C\u00e1ceres<\/em><\/li>\n<li>Prof. de Educ. Sec. en Biolog\u00eda y Tecn. en analista en Medio Ambiente\u00a0\u2192 <em>Prof. Samanta Arnau<\/em><\/li>\n<li>Prof. de Educ. Sec. en Lengua y Literatura\u00a0\u2192 <em>Prof. Paola Giampaoli<\/em><\/li>\n<li>Prof. de Educ. Sec. en Matem\u00e1tica\u00a0\u2192 <em>Prof. Natalia Voidanich<\/em><\/li>\n<li>Prof. de Educ. Primaria\u00a0\u2192 <em>Prof. Evelyn Mochi<\/em><\/li>\n<li>Prof. de Educ. Inicial\u00a0\u2192 <em>Prof. Gabriela Zacchino<\/em><\/li>\n<li>Secci\u00f3n de Pr\u00e1ctica \u2192 Prof. Julieta D\u00edaz<\/li>\n<\/ul>\n","protected":false},"excerpt":{"rendered":"<p>Director \u2192 Prof. Sandra Michel\u00f3n Regente \u2192 Prof. Jorgelina Kolodzinski Secretaria\u00a0\u2192 Prof. Daniela Rebottaro Bibliotecario\u00a0\u2192 Emanuel Santancini Ayudante T\u00e9cnico Docente\u00a0\u2192 Franco\u00a0L\u00f3pez Jefas de secci\u00f3n Prof. de Educ. Sec. en Administraci\u00f3n, Prof. de Educ. Sec. en Econom\u00eda y Tecn. en Gesti\u00f3n de las Organizaciones\u00a0\u2192 Prof. Lorena C\u00e1ceres Prof. de Educ. Sec. en Biolog\u00eda y Tecn. en &#8230; <a title=\"Autoridades\" class=\"read-more\" href=\"https:\/\/isp1-sfe.infd.edu.ar\/sitio\/autoridades\/\" aria-label=\"More on Autoridades\">[+]<\/a><\/p>\n","protected":false},"author":959,"featured_media":0,"parent":0,"menu_order":0,"comment_status":"closed","ping_status":"closed","template":"","meta":[],"acf":[],"_links":{"self":[{"href":"https:\/\/isp1-sfe.infd.edu.ar\/sitio\/wp-json\/wp\/v2\/pages\/937"}],"collection":[{"href":"https:\/\/isp1-sfe.infd.edu.ar\/sitio\/wp-json\/wp\/v2\/pages"}],"about":[{"href":"https:\/\/isp1-sfe.infd.edu.ar\/sitio\/wp-json\/wp\/v2\/types\/page"}],"author":[{"embeddable":true,"href":"https:\/\/isp1-sfe.infd.edu.ar\/sitio\/wp-json\/wp\/v2\/users\/959"}],"replies":[{"embeddable":true,"href":"https:\/\/isp1-sfe.infd.edu.ar\/sitio\/wp-json\/wp\/v2\/comments?post=937"}],"version-history":[{"count":13,"href":"https:\/\/isp1-sfe.infd.edu.ar\/sitio\/wp-json\/wp\/v2\/pages\/937\/revisions"}],"predecessor-version":[{"id":2901,"href":"https:\/\/isp1-sfe.infd.edu.ar\/sitio\/wp-json\/wp\/v2\/pages\/937\/revisions\/2901"}],"wp:attachment":[{"href":"https:\/\/isp1-sfe.infd.edu.ar\/sitio\/wp-json\/wp\/v2\/media?parent=937"}],"curies":[{"name":"wp","href":"https:\/\/api.w.org\/{rel}","templated":true}]}}