{"id":975,"date":"2021-06-25T19:28:20","date_gmt":"2021-06-25T22:28:20","guid":{"rendered":"https:\/\/isp1-sfe.infd.edu.ar\/sitio\/?page_id=975"},"modified":"2022-06-03T15:41:45","modified_gmt":"2022-06-03T18:41:45","slug":"prof-de-educacion-inicial","status":"publish","type":"page","link":"https:\/\/isp1-sfe.infd.edu.ar\/sitio\/prof-de-educacion-inicial\/","title":{"rendered":"Prof. de Educaci\u00f3n Inicial"},"content":{"rendered":"<p style=\"text-align: center;\"><img decoding=\"async\" loading=\"lazy\" class=\"wp-image-1277 size-full alignleft\" src=\"https:\/\/isp1-sfe.infd.edu.ar\/sitio\/wp-content\/uploads\/2021\/07\/INI-e1626124939895.jpg\" alt=\"\" width=\"250\" height=\"250\" \/><\/p>\n<p style=\"text-align: left;\"><em><strong>Denominaci\u00f3n de la carrera:<\/strong> <\/em>Profesorado de Educaci\u00f3n Inicial<\/p>\n<p style=\"text-align: left;\"><strong><em>Plan<\/em><\/strong> N\u00b0\u00a0529\/2009<\/p>\n<p style=\"text-align: left;\"><strong><em>Duraci\u00f3n:\u00a0<\/em><\/strong>4\u00a0a\u00f1os<\/p>\n<p style=\"text-align: left;\"><strong><em>T\u00edtulo a otorgar:<\/em> <\/strong>Profesor\/a de Educaci\u00f3n Inicial<\/p>\n<p style=\"text-align: center;\"><a href=\"https:\/\/isp1-sfe.infd.edu.ar\/sitio\/wp-content\/uploads\/2021\/07\/DC-Inicial.pdf\" target=\"_blank\" rel=\"noopener\">Dise\u00f1o Curricular Profesorado de Educaci\u00f3n Inicial<\/a><\/p>\n<p style=\"text-align: center;\"><a href=\"https:\/\/isp1-sfe.infd.edu.ar\/sitio\/wp-content\/uploads\/2022\/06\/Correlatividades-Educ-Inicial.pdf\" target=\"_blank\" rel=\"noopener\">Correlatividades Profesorado de Educaci\u00f3n Inicial<\/a><\/p>\n\n\n<p><\/p>\n","protected":false},"excerpt":{"rendered":"<p>Denominaci\u00f3n de la carrera: Profesorado de Educaci\u00f3n Inicial Plan N\u00b0\u00a0529\/2009 Duraci\u00f3n:\u00a04\u00a0a\u00f1os T\u00edtulo a otorgar: Profesor\/a de Educaci\u00f3n Inicial Dise\u00f1o Curricular Profesorado de Educaci\u00f3n Inicial Correlatividades Profesorado de Educaci\u00f3n Inicial<\/p>\n","protected":false},"author":959,"featured_media":0,"parent":0,"menu_order":0,"comment_status":"closed","ping_status":"closed","template":"","meta":[],"acf":[],"_links":{"self":[{"href":"https:\/\/isp1-sfe.infd.edu.ar\/sitio\/wp-json\/wp\/v2\/pages\/975"}],"collection":[{"href":"https:\/\/isp1-sfe.infd.edu.ar\/sitio\/wp-json\/wp\/v2\/pages"}],"about":[{"href":"https:\/\/isp1-sfe.infd.edu.ar\/sitio\/wp-json\/wp\/v2\/types\/page"}],"author":[{"embeddable":true,"href":"https:\/\/isp1-sfe.infd.edu.ar\/sitio\/wp-json\/wp\/v2\/users\/959"}],"replies":[{"embeddable":true,"href":"https:\/\/isp1-sfe.infd.edu.ar\/sitio\/wp-json\/wp\/v2\/comments?post=975"}],"version-history":[{"count":5,"href":"https:\/\/isp1-sfe.infd.edu.ar\/sitio\/wp-json\/wp\/v2\/pages\/975\/revisions"}],"predecessor-version":[{"id":1694,"href":"https:\/\/isp1-sfe.infd.edu.ar\/sitio\/wp-json\/wp\/v2\/pages\/975\/revisions\/1694"}],"wp:attachment":[{"href":"https:\/\/isp1-sfe.infd.edu.ar\/sitio\/wp-json\/wp\/v2\/media?parent=975"}],"curies":[{"name":"wp","href":"https:\/\/api.w.org\/{rel}","templated":true}]}}