{"id":981,"date":"2021-06-25T19:29:13","date_gmt":"2021-06-25T22:29:13","guid":{"rendered":"https:\/\/isp1-sfe.infd.edu.ar\/sitio\/?page_id=981"},"modified":"2022-06-03T15:39:55","modified_gmt":"2022-06-03T18:39:55","slug":"prof-de-administracion","status":"publish","type":"page","link":"https:\/\/isp1-sfe.infd.edu.ar\/sitio\/prof-de-administracion\/","title":{"rendered":"Prof. de Administraci\u00f3n"},"content":{"rendered":"<p style=\"text-align: center;\"><img decoding=\"async\" loading=\"lazy\" class=\"wp-image-1274 size-full alignleft\" src=\"https:\/\/isp1-sfe.infd.edu.ar\/sitio\/wp-content\/uploads\/2021\/07\/ADM-e1626124880243.jpg\" alt=\"\" width=\"250\" height=\"250\" \/><\/p>\n<p style=\"text-align: left;\"><em><strong>Denominaci\u00f3n de la carrera:<\/strong> <\/em>Profesorado de Educaci\u00f3n Secundaria en Ciencias de la Administraci\u00f3n<\/p>\n<p style=\"text-align: left;\"><strong><em>Plan<\/em><\/strong> N\u00b0 2090\/15<\/p>\n<p style=\"text-align: left;\"><strong><em>Duraci\u00f3n:\u00a0<\/em><\/strong>4\u00a0a\u00f1os<\/p>\n<p style=\"text-align: left;\"><strong><em>T\u00edtulo a otorgar:<\/em> <\/strong>Profesor\/a de Educaci\u00f3n Secundaria en Ciencias de la<br \/>Administraci\u00f3n<\/p>\n<p>\u00a0<\/p>\n<p style=\"text-align: center;\"><a href=\"https:\/\/isp1-sfe.infd.edu.ar\/sitio\/wp-content\/uploads\/2021\/07\/DC-Administraci\u00f3n.pdf\" target=\"_blank\" rel=\"noopener\">Dise\u00f1o Curricular Profesorado de Ciencias de la Administraci\u00f3n<\/a><\/p>\n<p style=\"text-align: center;\"><a href=\"https:\/\/isp1-sfe.infd.edu.ar\/sitio\/wp-content\/uploads\/2022\/06\/Correlatividades-Administracion.pdf\" target=\"_blank\" rel=\"noopener\">Correlatividades Profesorado de Ciencias de la Administraci\u00f3n<\/a><\/p>\n\n\n<p><\/p>\n","protected":false},"excerpt":{"rendered":"<p>Denominaci\u00f3n de la carrera: Profesorado de Educaci\u00f3n Secundaria en Ciencias de la Administraci\u00f3n Plan N\u00b0 2090\/15 Duraci\u00f3n:\u00a04\u00a0a\u00f1os T\u00edtulo a otorgar: Profesor\/a de Educaci\u00f3n Secundaria en Ciencias de laAdministraci\u00f3n \u00a0 Dise\u00f1o Curricular Profesorado de Ciencias de la Administraci\u00f3n Correlatividades Profesorado de Ciencias de la Administraci\u00f3n<\/p>\n","protected":false},"author":959,"featured_media":0,"parent":0,"menu_order":0,"comment_status":"closed","ping_status":"closed","template":"","meta":[],"acf":[],"_links":{"self":[{"href":"https:\/\/isp1-sfe.infd.edu.ar\/sitio\/wp-json\/wp\/v2\/pages\/981"}],"collection":[{"href":"https:\/\/isp1-sfe.infd.edu.ar\/sitio\/wp-json\/wp\/v2\/pages"}],"about":[{"href":"https:\/\/isp1-sfe.infd.edu.ar\/sitio\/wp-json\/wp\/v2\/types\/page"}],"author":[{"embeddable":true,"href":"https:\/\/isp1-sfe.infd.edu.ar\/sitio\/wp-json\/wp\/v2\/users\/959"}],"replies":[{"embeddable":true,"href":"https:\/\/isp1-sfe.infd.edu.ar\/sitio\/wp-json\/wp\/v2\/comments?post=981"}],"version-history":[{"count":10,"href":"https:\/\/isp1-sfe.infd.edu.ar\/sitio\/wp-json\/wp\/v2\/pages\/981\/revisions"}],"predecessor-version":[{"id":1691,"href":"https:\/\/isp1-sfe.infd.edu.ar\/sitio\/wp-json\/wp\/v2\/pages\/981\/revisions\/1691"}],"wp:attachment":[{"href":"https:\/\/isp1-sfe.infd.edu.ar\/sitio\/wp-json\/wp\/v2\/media?parent=981"}],"curies":[{"name":"wp","href":"https:\/\/api.w.org\/{rel}","templated":true}]}}